{"id":22596,"date":"2024-06-17T09:45:53","date_gmt":"2024-06-17T07:45:53","guid":{"rendered":"https:\/\/tanzen-weilheim.de\/cms\/?page_id=22596"},"modified":"2025-10-21T19:23:31","modified_gmt":"2025-10-21T17:23:31","slug":"pfaffenwinkelpokal-2025","status":"publish","type":"page","link":"https:\/\/tanzen-weilheim.de\/cms\/pfaffenwinkelpokal-2025","title":{"rendered":"Pfaffenwinkelpokal 2025"},"content":{"rendered":"\n<div class=\"wp-block-file\"><a id=\"wp-block-file--media-518efc18-227e-46fb-8c73-f32d90d7c7c5\" href=\"https:\/\/tanzen-weilheim.de\/cms\/wp-content\/uploads\/2025\/09\/PWP2025.pdf\">Plakat Pfaffenwinkelpokal 2025<\/a><a href=\"https:\/\/tanzen-weilheim.de\/cms\/wp-content\/uploads\/2025\/09\/PWP2025.pdf\" class=\"wp-block-file__button wp-element-button\" download aria-describedby=\"wp-block-file--media-518efc18-227e-46fb-8c73-f32d90d7c7c5\">Herunterladen<\/a><\/div>\n\n\n\n<p class=\"has-medium-font-size\"><strong>Herzlich Willkommen zum Pfaffenwinkelpokal mit Bayernpokalturnieren in Weilheim! <\/strong><\/p>\n\n\n\n<h3 class=\"wp-block-heading has-luminous-vivid-amber-background-color has-background\"><strong>Samstag, 18. Oktober 2025<\/strong><\/h3>\n\n\n\n<hr class=\"wp-block-separator has-alpha-channel-opacity\"\/>\n\n\n\n<h3 class=\"wp-block-heading\"><strong>&nbsp;<\/strong>Informationen f\u00fcr die Turnierpaare:<\/h3>\n\n\n\n<p class=\"has-white-color has-vivid-red-background-color has-text-color has-background has-link-color wp-elements-c1152c24bdead8f97d6a2788a4f9feac\"><strong>Hotline die Turnierpaare ab Freitag 17.10.2025<\/strong> &#8211; keine WhatsApp-Nachrichten schicken!<br>Sportwartin: Mobil &#8230;&#8230; <br>Abteilungsleiterin: Mobil &#8230;&#8230;<\/p>\n\n\n\n<p class=\"has-luminous-vivid-amber-background-color has-background\"><strong>Hier die Startzeiten, die sich nach Meldeschluss ergeben:<br>Bitte schaut aber vor eurer Anreise nochmal auf die Homepage, denn sollte es zu kurzfristigen Ausf\u00e4llen kommen, werden ggf. nochmal leicht korrigieren m\u00fcssen.<\/strong><\/p>\n\n\n\n<figure class=\"wp-block-image size-full\"><img loading=\"lazy\" decoding=\"async\" width=\"922\" height=\"638\" src=\"https:\/\/tanzen-weilheim.de\/cms\/wp-content\/uploads\/2025\/10\/Bildschirmfoto-2025-10-15-um-11.52.02.png\" alt=\"\" class=\"wp-image-25673\" srcset=\"https:\/\/tanzen-weilheim.de\/cms\/wp-content\/uploads\/2025\/10\/Bildschirmfoto-2025-10-15-um-11.52.02.png 922w, https:\/\/tanzen-weilheim.de\/cms\/wp-content\/uploads\/2025\/10\/Bildschirmfoto-2025-10-15-um-11.52.02-768x531.png 768w, https:\/\/tanzen-weilheim.de\/cms\/wp-content\/uploads\/2025\/10\/Bildschirmfoto-2025-10-15-um-11.52.02-400x277.png 400w\" sizes=\"auto, (max-width: 922px) 100vw, 922px\" \/><\/figure>\n\n\n\n<h3 class=\"wp-block-heading\"><strong>Startklassen \u2013 da ist f\u00fcr alle was dabei!<\/strong><\/h3>\n\n\n\n<p class=\"has-medium-font-size\">Wo:&nbsp;<strong>Stadthalle Weilheim<\/strong><br>Seid dabei, wenn sich Tanzpaare aus ganz Bayern in der nach 4 Jahren Renovierung neu er\u00f6ffneten Stadthalle Weilheim zu einem ganz besonderen Turniertag versammeln \u2013 mit Schwung, Stil und ganz viel Leidenschaft f\u00fcr das Tanzen!<\/p>\n\n\n\n<p><strong>Bayernpokal-Turniere:<\/strong> <br><strong>MAS III D-A<\/strong>&nbsp;Standard &amp; Latein<br><strong>MAS IV D-A<\/strong>&nbsp;Standard<br><strong>Zusatzschmankerl:<\/strong><br><strong>Gleich mehrere S-Klassen auf dem Parkett! Mehr Tanzsport auf Top-Niveau geht nicht!<\/strong><br><strong>MAS III S<\/strong>&nbsp;Standard &amp; Latein<br><strong>MAS IV S<\/strong>&nbsp;Standard<\/p>\n\n\n\n<hr class=\"wp-block-separator has-alpha-channel-opacity\"\/>\n\n\n\n<h3 class=\"wp-block-heading\"><strong>Veranstaltungsort: Stadthalle Weilheim<\/strong><\/h3>\n\n\n\n<p>Tanzfl\u00e4che mit hellem Parkettboden<br>Gr\u00f6\u00dfe:\u00a0<strong>18.5 m x 12 m<\/strong>\u00a0<br>Beste Bedingungen f\u00fcr Paare &amp; beste Sicht f\u00fcr das Publikum!<\/p>\n\n\n\n<hr class=\"wp-block-separator has-alpha-channel-opacity\"\/>\n\n\n\n<h3 class=\"wp-block-heading\"><strong>Mit Herzblut gesponsert vom<\/strong><\/h3>\n\n\n\n<p><strong>F\u00f6rderverein f\u00fcr Tanzen im Raum Weilheim e.V.<\/strong><br>Ein gro\u00dfes Dankesch\u00f6n an unseren F\u00f6rderverein, der diese Veranstaltung m\u00f6glich macht! <\/p>\n\n\n\n<hr class=\"wp-block-separator has-alpha-channel-opacity\"\/>\n\n\n\n<h3 class=\"wp-block-heading\"><strong>Ob als&nbsp;Turnierpaar<\/strong><\/h3>\n\n\n\n<h3 class=\"wp-block-heading\"><strong>oder als&nbsp;<\/strong><\/h3>\n\n\n\n<h3 class=\"wp-block-heading\"><strong>begeisterter Zuschauer<\/strong><\/h3>\n\n\n\n<p class=\"has-medium-font-size\"><strong>Wir freuen uns auf EUCH!<\/strong><\/p>\n\n\n\n<p>kommt vorbei und erlebt Tanzsport auf h\u00f6chstem Niveau!<\/p>\n\n\n\n<p class=\"has-pale-pink-background-color has-background\"><strong>Damit niemand hungrig oder durstig bleibt, k\u00fcmmert sich das Catering-Team vom F\u00f6rderverein f\u00fcr den Tanzsport in Weilheim um euch.<\/strong><br>Es gibt S\u00fc\u00dfes und Herzhaftes, Warmes und Kaltes \u2013 und nat\u00fcrlich auch jede Menge Getr\u00e4nke. Alles zu fairen Preisen!<\/p>\n\n\n\n<p><\/p>\n","protected":false},"excerpt":{"rendered":"<p>Herzlich Willkommen zum Pfaffenwinkelpokal mit Bayernpokalturnieren in Weilheim! Samstag, 18. Oktober 2025 &nbsp;Informationen f\u00fcr die Turnierpaare: Hotline die Turnierpaare ab Freitag 17.10.2025 &#8211; keine WhatsApp-Nachrichten schicken!Sportwartin: Mobil &#8230;&#8230; Abteilungsleiterin: Mobil &#8230;&#8230; Hier die Startzeiten, die sich nach Meldeschluss ergeben:Bitte schaut aber vor eurer Anreise nochmal auf die Homepage, denn sollte es zu kurzfristigen Ausf\u00e4llen kommen, [&hellip;]<\/p>\n","protected":false},"author":19,"featured_media":25537,"parent":0,"menu_order":0,"comment_status":"closed","ping_status":"closed","template":"","meta":{"footnotes":""},"class_list":["post-22596","page","type-page","status-publish","has-post-thumbnail","hentry"],"jetpack_sharing_enabled":true,"_links":{"self":[{"href":"https:\/\/tanzen-weilheim.de\/cms\/wp-json\/wp\/v2\/pages\/22596","targetHints":{"allow":["GET"]}}],"collection":[{"href":"https:\/\/tanzen-weilheim.de\/cms\/wp-json\/wp\/v2\/pages"}],"about":[{"href":"https:\/\/tanzen-weilheim.de\/cms\/wp-json\/wp\/v2\/types\/page"}],"author":[{"embeddable":true,"href":"https:\/\/tanzen-weilheim.de\/cms\/wp-json\/wp\/v2\/users\/19"}],"replies":[{"embeddable":true,"href":"https:\/\/tanzen-weilheim.de\/cms\/wp-json\/wp\/v2\/comments?post=22596"}],"version-history":[{"count":31,"href":"https:\/\/tanzen-weilheim.de\/cms\/wp-json\/wp\/v2\/pages\/22596\/revisions"}],"predecessor-version":[{"id":25789,"href":"https:\/\/tanzen-weilheim.de\/cms\/wp-json\/wp\/v2\/pages\/22596\/revisions\/25789"}],"wp:featuredmedia":[{"embeddable":true,"href":"https:\/\/tanzen-weilheim.de\/cms\/wp-json\/wp\/v2\/media\/25537"}],"wp:attachment":[{"href":"https:\/\/tanzen-weilheim.de\/cms\/wp-json\/wp\/v2\/media?parent=22596"}],"curies":[{"name":"wp","href":"https:\/\/api.w.org\/{rel}","templated":true}]}}

<div class="wp-block-file"><a id="wp-block-file--media-518efc18-227e-46fb-8c73-f32d90d7c7c5" href="https://tanzen-weilheim.de/cms/wp-content/uploads/2025/09/PWP2025.pdf">Plakat Pfaffenwinkelpokal 2025</a><a href="https://tanzen-weilheim.de/cms/wp-content/uploads/2025/09/PWP2025.pdf" class="wp-block-file__button wp-element-button" download aria-describedby="wp-block-file--media-518efc18-227e-46fb-8c73-f32d90d7c7c5">Herunterladen</a></div>



<p class="has-medium-font-size"><strong>Herzlich Willkommen zum Pfaffenwinkelpokal mit Bayernpokalturnieren in Weilheim! </strong></p>



<h3 class="wp-block-heading has-luminous-vivid-amber-background-color has-background"><strong>Samstag, 18. Oktober 2025</strong></h3>



<hr class="wp-block-separator has-alpha-channel-opacity"/>



<h3 class="wp-block-heading"><strong>&nbsp;</strong>Informationen für die Turnierpaare:</h3>



<p class="has-white-color has-vivid-red-background-color has-text-color has-background has-link-color wp-elements-c1152c24bdead8f97d6a2788a4f9feac"><strong>Hotline die Turnierpaare ab Freitag 17.10.2025</strong> &#8211; keine WhatsApp-Nachrichten schicken!<br>Sportwartin: Mobil &#8230;&#8230; <br>Abteilungsleiterin: Mobil &#8230;&#8230;</p>



<p class="has-luminous-vivid-amber-background-color has-background"><strong>Hier die Startzeiten, die sich nach Meldeschluss ergeben:<br>Bitte schaut aber vor eurer Anreise nochmal auf die Homepage, denn sollte es zu kurzfristigen Ausfällen kommen, werden ggf. nochmal leicht korrigieren müssen.</strong></p>



<figure class="wp-block-image size-full"><img loading="lazy" decoding="async" width="922" height="638" src="https://tanzen-weilheim.de/cms/wp-content/uploads/2025/10/Bildschirmfoto-2025-10-15-um-11.52.02.png" alt="" class="wp-image-25673" srcset="https://tanzen-weilheim.de/cms/wp-content/uploads/2025/10/Bildschirmfoto-2025-10-15-um-11.52.02.png 922w, https://tanzen-weilheim.de/cms/wp-content/uploads/2025/10/Bildschirmfoto-2025-10-15-um-11.52.02-768x531.png 768w, https://tanzen-weilheim.de/cms/wp-content/uploads/2025/10/Bildschirmfoto-2025-10-15-um-11.52.02-400x277.png 400w" sizes="auto, (max-width: 922px) 100vw, 922px" /></figure>



<h3 class="wp-block-heading"><strong>Startklassen – da ist für alle was dabei!</strong></h3>



<p class="has-medium-font-size">Wo:&nbsp;<strong>Stadthalle Weilheim</strong><br>Seid dabei, wenn sich Tanzpaare aus ganz Bayern in der nach 4 Jahren Renovierung neu eröffneten Stadthalle Weilheim zu einem ganz besonderen Turniertag versammeln – mit Schwung, Stil und ganz viel Leidenschaft für das Tanzen!</p>



<p><strong>Bayernpokal-Turniere:</strong> <br><strong>MAS III D-A</strong>&nbsp;Standard &amp; Latein<br><strong>MAS IV D-A</strong>&nbsp;Standard<br><strong>Zusatzschmankerl:</strong><br><strong>Gleich mehrere S-Klassen auf dem Parkett! Mehr Tanzsport auf Top-Niveau geht nicht!</strong><br><strong>MAS III S</strong>&nbsp;Standard &amp; Latein<br><strong>MAS IV S</strong>&nbsp;Standard</p>



<hr class="wp-block-separator has-alpha-channel-opacity"/>



<h3 class="wp-block-heading"><strong>Veranstaltungsort: Stadthalle Weilheim</strong></h3>



<p>Tanzfläche mit hellem Parkettboden<br>Größe: <strong>18.5 m x 12 m</strong> <br>Beste Bedingungen für Paare &amp; beste Sicht für das Publikum!</p>



<hr class="wp-block-separator has-alpha-channel-opacity"/>



<h3 class="wp-block-heading"><strong>Mit Herzblut gesponsert vom</strong></h3>



<p><strong>Förderverein für Tanzen im Raum Weilheim e.V.</strong><br>Ein großes Dankeschön an unseren Förderverein, der diese Veranstaltung möglich macht! </p>



<hr class="wp-block-separator has-alpha-channel-opacity"/>



<h3 class="wp-block-heading"><strong>Ob als&nbsp;Turnierpaar</strong></h3>



<h3 class="wp-block-heading"><strong>oder als&nbsp;</strong></h3>



<h3 class="wp-block-heading"><strong>begeisterter Zuschauer</strong></h3>



<p class="has-medium-font-size"><strong>Wir freuen uns auf EUCH!</strong></p>



<p>kommt vorbei und erlebt Tanzsport auf höchstem Niveau!</p>



<p class="has-pale-pink-background-color has-background"><strong>Damit niemand hungrig oder durstig bleibt, kümmert sich das Catering-Team vom Förderverein für den Tanzsport in Weilheim um euch.</strong><br>Es gibt Süßes und Herzhaftes, Warmes und Kaltes – und natürlich auch jede Menge Getränke. Alles zu fairen Preisen!</p>



<p></p>

<p>Herzlich Willkommen zum Pfaffenwinkelpokal mit Bayernpokalturnieren in Weilheim! Samstag, 18. Oktober 2025 &nbsp;Informationen für die Turnierpaare: Hotline die Turnierpaare ab Freitag 17.10.2025 &#8211; keine WhatsApp-Nachrichten schicken!Sportwartin: Mobil &#8230;&#8230; Abteilungsleiterin: Mobil &#8230;&#8230; Hier die Startzeiten, die sich nach Meldeschluss ergeben:Bitte schaut aber vor eurer Anreise nochmal auf die Homepage, denn sollte es zu kurzfristigen Ausfällen kommen, [&hellip;]</p>
