{"id":12147,"date":"2018-12-17T14:51:37","date_gmt":"2018-12-17T13:51:37","guid":{"rendered":"http:\/\/tanzen-weilheim.de\/cms\/?page_id=12147"},"modified":"2025-02-17T09:42:48","modified_gmt":"2025-02-17T08:42:48","slug":"landesmeisterschaften","status":"publish","type":"page","link":"https:\/\/tanzen-weilheim.de\/cms\/veranstaltungen\/landesmeisterschaften","title":{"rendered":"Landesmeisterschaften"},"content":{"rendered":"\n<p class=\"has-medium-font-size\"><strong>8.3.2025 Landesmeisterschaft Master II D-S Standard <\/strong><br>Achtung diese Veranstaltung musste wegen nicht zur Verf\u00fcgung stehender Stadthalle Weilheim wieder an den LTVB zur\u00fcckgegeben werden <br>neuer Veranstalter: TSC Savoy M\u00fcnchen<br><\/p>\n","protected":false},"excerpt":{"rendered":"<p>8.3.2025 Landesmeisterschaft Master II D-S Standard Achtung diese Veranstaltung musste wegen nicht zur Verf\u00fcgung stehender Stadthalle Weilheim wieder an den LTVB zur\u00fcckgegeben werden neuer Veranstalter: TSC Savoy M\u00fcnchen<\/p>\n","protected":false},"author":19,"featured_media":12881,"parent":9,"menu_order":1,"comment_status":"closed","ping_status":"closed","template":"","meta":{"footnotes":""},"class_list":["post-12147","page","type-page","status-publish","has-post-thumbnail","hentry"],"jetpack_sharing_enabled":true,"_links":{"self":[{"href":"https:\/\/tanzen-weilheim.de\/cms\/wp-json\/wp\/v2\/pages\/12147","targetHints":{"allow":["GET"]}}],"collection":[{"href":"https:\/\/tanzen-weilheim.de\/cms\/wp-json\/wp\/v2\/pages"}],"about":[{"href":"https:\/\/tanzen-weilheim.de\/cms\/wp-json\/wp\/v2\/types\/page"}],"author":[{"embeddable":true,"href":"https:\/\/tanzen-weilheim.de\/cms\/wp-json\/wp\/v2\/users\/19"}],"replies":[{"embeddable":true,"href":"https:\/\/tanzen-weilheim.de\/cms\/wp-json\/wp\/v2\/comments?post=12147"}],"version-history":[{"count":6,"href":"https:\/\/tanzen-weilheim.de\/cms\/wp-json\/wp\/v2\/pages\/12147\/revisions"}],"predecessor-version":[{"id":24206,"href":"https:\/\/tanzen-weilheim.de\/cms\/wp-json\/wp\/v2\/pages\/12147\/revisions\/24206"}],"up":[{"embeddable":true,"href":"https:\/\/tanzen-weilheim.de\/cms\/wp-json\/wp\/v2\/pages\/9"}],"wp:featuredmedia":[{"embeddable":true,"href":"https:\/\/tanzen-weilheim.de\/cms\/wp-json\/wp\/v2\/media\/12881"}],"wp:attachment":[{"href":"https:\/\/tanzen-weilheim.de\/cms\/wp-json\/wp\/v2\/media?parent=12147"}],"curies":[{"name":"wp","href":"https:\/\/api.w.org\/{rel}","templated":true}]}}

<p class="has-medium-font-size"><strong>8.3.2025 Landesmeisterschaft Master II D-S Standard </strong><br>Achtung diese Veranstaltung musste wegen nicht zur Verfügung stehender Stadthalle Weilheim wieder an den LTVB zurückgegeben werden <br>neuer Veranstalter: TSC Savoy München<br></p>

<p>8.3.2025 Landesmeisterschaft Master II D-S Standard Achtung diese Veranstaltung musste wegen nicht zur Verfügung stehender Stadthalle Weilheim wieder an den LTVB zurückgegeben werden neuer Veranstalter: TSC Savoy München</p>
